{"id":1719,"date":"2017-05-05T15:22:08","date_gmt":"2017-05-05T15:22:08","guid":{"rendered":"http:\/\/export-1.test-tangibledesign.net\/?page_id=1719"},"modified":"2024-03-30T18:47:16","modified_gmt":"2024-03-30T21:47:16","slug":"sobrenos","status":"publish","type":"page","link":"https:\/\/alvarenga.tv.br\/imoveis\/sobrenos\/","title":{"rendered":"Sobre n\u00f3s"},"content":{"rendered":"<div class=\"wpb-content-wrapper\"><p>[vc_row][vc_column css=&#8221;.vc_custom_1512407858131{padding-top: 12px !important;padding-bottom: 24px !important;}&#8221;][vc_row_inner][vc_column_inner width=&#8221;1\/2&#8243;]\r\n    <div class=\"\"\r\n         style=\"text-align:center;\">\r\n        <i class=\"flaticon-office mh-color-default\"\r\n           style=\"font-size:50px;\"><\/i>\r\n    <\/div>\r\n\r\n<div class=\" \">\r\n\t\r\n        <div class=\"mh-heading-wrapper\">\r\n            <h3            class=\"mh-heading  mh-heading--bottom-separator    vc_custom_1615678256125\"\r\n            style=\"font-weight:700;\">\r\n\t\t\tAlvarenga TV - Im\u00f3veis        <\/h3>\r\n\r\n\t\t            <div class=\"mh-subheading \"\r\n                 style=\"\">\r\n\t\t\t\tSomos um portal que visa melhorar a busca por moradias nas regi\u00f5es perif\u00e9ricas, facilitando o encontro de moradias e integrando as pessoas atrav\u00e9s de uma comunica\u00e7\u00e3o mais pr\u00f3xima dos usu\u00e1rios. Uma realiza\u00e7\u00e3o Alvarenga TV            <\/div>\r\n\t\t    <\/div>\r\n\r\n\t<\/div>[\/vc_column_inner][vc_column_inner width=&#8221;1\/2&#8243;]\r\n    <div class=\"\"\r\n         style=\"text-align:center;\">\r\n        <i class=\"flaticon-technology mh-color-default\"\r\n           style=\"font-size:50px;\"><\/i>\r\n    <\/div>\r\n\r\n<div class=\" \">\r\n\t\r\n        <div class=\"mh-heading-wrapper\">\r\n            <h3            class=\"mh-heading  mh-heading--bottom-separator    vc_custom_1615657591077\"\r\n            style=\"font-weight:700;\">\r\n\t\t\tNossa Miss\u00e3o        <\/h3>\r\n\r\n\t\t            <div class=\"mh-subheading \"\r\n                 style=\"\">\r\n\t\t\t\tTornar a periferia um melhor lugar para se morar, atrav\u00e9s de comunica\u00e7\u00e3o, alian\u00e7as e produtos que apoiem o crescimento das pessoas.            <\/div>\r\n\t\t    <\/div>\r\n\r\n\t<\/div>[\/vc_column_inner][\/vc_row_inner][\/vc_column][\/vc_row][vc_row full_width=&#8221;stretch_row_content_no_spaces&#8221; equal_height=&#8221;yes&#8221; content_placement=&#8221;middle&#8221; css=&#8221;.vc_custom_1496137208354{background-color: #f4f4f4 !important;}&#8221;][vc_column width=&#8221;1\/2&#8243; css=&#8221;.vc_custom_1615658049825{padding-top: 0px !important;background-image: url(https:\/\/alvarenga.tv.br\/imoveis\/wp-content\/uploads\/sites\/2\/2021\/03\/0002-scaled.jpg?id=3462) !important;background-position: center !important;background-repeat: no-repeat !important;background-size: cover !important;}&#8221; el_class=&#8221;mh-2-col-image-bg&#8221;][\/vc_column][vc_column width=&#8221;1\/2&#8243; css=&#8221;.vc_custom_1496231457062{padding-top: 0px !important;}&#8221; el_class=&#8221;mh-2-col-text&#8221;]<div class=\"mh-heading-wrapper--left \">\r\n\t\r\n        <div class=\"mh-heading-wrapper\">\r\n            <h2            class=\"mh-heading  mh-heading--bottom-separator   \"\r\n            style=\"font-weight:700;\">\r\n\t\t\tComunidade da Pedreira \/ Pantanal        <\/h2>\r\n\r\n\t\t    <\/div>\r\n\r\n\t<\/div>[vc_column_text el_class=&#8221;mh-font-size-m&#8221;]<\/p>\n<p id=\"MjUyMzcwMQ\" class=\"frase fr0\">&#8220;Na favela, o comum \u00e9 a falta, a escassez, a dor, a viol\u00eancia. Por outro lado, h\u00e1 tamb\u00e9m arte, resili\u00eancia, capacidade de empreender. Precisamos construir comunidades empreendedoras para gerar renda, com dignidade para as pessoas.&#8221;<\/p>\n<p>Edu Lyra (Fundador e CEO da Gerando Falc\u00f5es)[\/vc_column_text][\/vc_column][\/vc_row]<\/p>\n<\/div>","protected":false},"excerpt":{"rendered":"<p>[vc_row][vc_column css=&#8221;.vc_custom_1512407858131{padding-top: 12px !important;padding-bottom: 24px !important;}&#8221;][vc_row_inner][vc_column_inner width=&#8221;1\/2&#8243;][\/vc_column_inner][vc_column_inner width=&#8221;1\/2&#8243;][\/vc_column_inner][\/vc_row_inner][\/vc_column][\/vc_row][vc_row full_width=&#8221;stretch_row_content_no_spaces&#8221; equal_height=&#8221;yes&#8221; content_placement=&#8221;middle&#8221; css=&#8221;.vc_custom_1496137208354{background-color: #f4f4f4 !important;}&#8221;][vc_column width=&#8221;1\/2&#8243; css=&#8221;.vc_custom_1615658049825{padding-top: 0px !important;background-image: url(https:\/\/alvarenga.tv.br\/imoveis\/wp-content\/uploads\/sites\/2\/2021\/03\/0002-scaled.jpg?id=3462) !important;background-position: center !important;background-repeat: no-repeat !important;background-size: cover !important;}&#8221; el_class=&#8221;mh-2-col-image-bg&#8221;][\/vc_column][vc_column width=&#8221;1\/2&#8243; css=&#8221;.vc_custom_1496231457062{padding-top: 0px !important;}&#8221; el_class=&#8221;mh-2-col-text&#8221;][vc_column_text el_class=&#8221;mh-font-size-m&#8221;] &#8220;Na favela, o comum \u00e9 a falta, a escassez, a dor, a viol\u00eancia. Por outro lado, h\u00e1 tamb\u00e9m arte, resili\u00eancia, capacidade de [&hellip;]<\/p>\n","protected":false},"author":1,"featured_media":0,"parent":0,"menu_order":0,"comment_status":"closed","ping_status":"closed","template":"page_full-width-with-top-title.php","meta":{"_acf_changed":false,"_joinchat":[],"footnotes":""},"class_list":["post-1719","page","type-page","status-publish","hentry"],"aioseo_notices":[],"acf":[],"rttpg_featured_image_url":null,"rttpg_author":{"display_name":"Armando Ferraz","author_link":"https:\/\/alvarenga.tv.br\/imoveis\/Usu\u00e1rio\/armando\/"},"rttpg_comment":0,"rttpg_category":null,"rttpg_excerpt":"[vc_row][vc_column css=&#8221;.vc_custom_1512407858131{padding-top: 12px !important;padding-bottom: 24px !important;}&#8221;][vc_row_inner][vc_column_inner width=&#8221;1\/2&#8243;][\/vc_column_inner][vc_column_inner width=&#8221;1\/2&#8243;][\/vc_column_inner][\/vc_row_inner][\/vc_column][\/vc_row][vc_row full_width=&#8221;stretch_row_content_no_spaces&#8221; equal_height=&#8221;yes&#8221; content_placement=&#8221;middle&#8221; css=&#8221;.vc_custom_1496137208354{background-color: #f4f4f4 !important;}&#8221;][vc_column width=&#8221;1\/2&#8243; css=&#8221;.vc_custom_1615658049825{padding-top: 0px !important;background-image: url(https:\/\/alvarenga.tv.br\/imoveis\/wp-content\/uploads\/sites\/2\/2021\/03\/0002-scaled.jpg?id=3462) !important;background-position: center !important;background-repeat: no-repeat !important;background-size: cover !important;}&#8221; el_class=&#8221;mh-2-col-image-bg&#8221;][\/vc_column][vc_column width=&#8221;1\/2&#8243; css=&#8221;.vc_custom_1496231457062{padding-top: 0px !important;}&#8221; el_class=&#8221;mh-2-col-text&#8221;][vc_column_text el_class=&#8221;mh-font-size-m&#8221;] &#8220;Na favela, o comum \u00e9 a falta, a escassez, a dor, a viol\u00eancia. Por outro lado, h\u00e1 tamb\u00e9m arte, resili\u00eancia, capacidade de&hellip;","_links":{"self":[{"href":"https:\/\/alvarenga.tv.br\/imoveis\/wp-json\/wp\/v2\/pages\/1719","targetHints":{"allow":["GET"]}}],"collection":[{"href":"https:\/\/alvarenga.tv.br\/imoveis\/wp-json\/wp\/v2\/pages"}],"about":[{"href":"https:\/\/alvarenga.tv.br\/imoveis\/wp-json\/wp\/v2\/types\/page"}],"author":[{"embeddable":true,"href":"https:\/\/alvarenga.tv.br\/imoveis\/wp-json\/wp\/v2\/users\/1"}],"replies":[{"embeddable":true,"href":"https:\/\/alvarenga.tv.br\/imoveis\/wp-json\/wp\/v2\/comments?post=1719"}],"version-history":[{"count":9,"href":"https:\/\/alvarenga.tv.br\/imoveis\/wp-json\/wp\/v2\/pages\/1719\/revisions"}],"predecessor-version":[{"id":3595,"href":"https:\/\/alvarenga.tv.br\/imoveis\/wp-json\/wp\/v2\/pages\/1719\/revisions\/3595"}],"wp:attachment":[{"href":"https:\/\/alvarenga.tv.br\/imoveis\/wp-json\/wp\/v2\/media?parent=1719"}],"curies":[{"name":"wp","href":"https:\/\/api.w.org\/{rel}","templated":true}]}}